re the prime factors of 22785536?
2, 191, 233
List the prime factors of 1858329070.
2, 5, 13, 37, 113, 263
List the prime factors of 156092492.
2, 37, 1054679
List the prime factors of 109497145.
5, 89, 241, 1021
List the prime factors of 34364252.
2, 13, 660851
List the prime factors of 64839199.
64839199
What are the prime factors of 207829319?
109, 1906691
What are the prime factors of 5529569340?
2, 3, 5, 37, 137, 18181
What are the prime factors of 1080233299?
227, 4758737
What are the prime factors of 100777322?
2, 1907, 26423
What are the prime factors of 48926656?
2, 467, 1637
List the prime factors of 330904027.
107, 3092561
What are the prime factors of 56864827?
41, 1386947
List the prime factors of 482653063.
482653063
List the prime factors of 254858436.
2, 3, 7, 1011343
List the prime factors of 1013796634.
2, 506898317
List the prime factors of 578376244.
2, 17, 8505533
What are the prime factors of 1970399379?
3, 13, 50523061
What are the prime factors of 428335574?
2, 5087, 42101
List the prime factors of 31369548.
2, 3, 7, 373447
What are the prime factors of 98673125?
5, 157877
What are the prime factors of 437551032?
2, 3, 17, 1072429
List the prime factors of 29239183.
43, 679981
What are the prime factors of 205483555?
5, 41096711
What are the prime factors of 92745218?
2, 3557, 13037
List the prime factors of 852118323.
3, 7, 829, 48947
List the prime factors of 119687015.
5, 7, 1481, 2309
What are the prime factors of 60513734?
2, 257, 117731
What are the prime factors of 559967444?
2, 109, 1284329
What are the prime factors of 2311100518?
2, 229, 5046071
List the prime factors of 283297181.
283297181
What are the prime factors of 186546370?
2, 5, 19, 981823
List the prime factors of 191763631.
29, 6612539
List the prime factors of 100486191.
3, 13, 37, 83, 839
What are the prime factors of 1369877768?
2, 7, 24462103
List the prime factors of 834083338.
2, 11, 47, 806657
What are the prime factors of 3242183263?
11, 71, 377393
What are the prime factors of 149699252?
2, 19, 1019, 1933
What are the prime factors of 1070489054?
2, 173, 3093899
What are the prime factors of 1331077892?
2, 281, 521, 2273
What are the prime factors of 241013231?
167, 1443193
List the prime factors of 1638398395.
5, 327679679
List the prime factors of 2452238297.
2452238297
List the prime factors of 5143008463.
103, 1033, 48337
What are the prime factors of 55150788?
2, 3, 7, 11, 17, 3511
What are the prime factors of 143063647?
143063647
What are the prime factors of 15373881?
3, 21089
What are the prime factors of 70134162?
2, 3, 7, 1669861
List the prime factors of 460258117.
11, 151, 277097
What are the prime factors of 58613166?
2, 3, 1085429
List the prime factors of 5798360521.
181, 32035141
What are the prime factors of 5892984?
2, 3, 81847
List the prime factors of 2093709126.
2, 3, 348951521
List the prime factors of 480677757.
3, 7, 281, 81457
What are the prime factors of 3369902669?
7, 13411, 35897
What are the prime factors of 42823162?
2, 21411581
What are the prime factors of 144097012?
2, 36024253
What are the prime factors of 125800711?
71, 431, 4111
List the prime factors of 140461741.
7, 20065963
List the prime factors of 2512883973.
3, 41, 337, 60623
What are the prime factors of 35525946?
2, 3, 67, 1319
What are the prime factors of 143275141?
421, 340321
What are the prime factors of 389887116?
2, 3, 32490593
List the prime factors of 50128662.
2, 3, 73, 193, 593
What are the prime factors of 1194008609?
347, 3440947
What are the prime factors of 709746294?
2, 3, 17, 1013, 6869
List the prime factors of 2605057356.
2, 3, 11, 17, 29, 40031
What are the prime factors of 2697262055?
5, 539452411
What are the prime factors of 140332177?
23, 43, 47, 3019
List the prime factors of 2099456747.
7393, 283979
What are the prime factors of 587955966?
2, 3, 13, 7537897
List the prime factors of 273942007.
199, 977, 1409
List the prime factors of 84040745.
5, 1621, 10369
What are the prime factors of 1403301?
3, 167, 2801
List the prime factors of 86980118.
2, 37, 1175407
What are the prime factors of 243442381?
7, 13, 2675191
What are the prime factors of 106368509?
13, 53, 263, 587
List the prime factors of 27021857.
17, 19, 269, 311
What are the prime factors of 70656890?
2, 5, 7065689
What are the prime factors of 4827624573?
3, 1609208191
List the prime factors of 54178139.
19, 2851481
List the prime factors of 2981844331.
43, 69345217
What are the prime factors of 1267574836?
2, 11, 28808519
List the prime factors of 599911912.
2, 17, 4411117
What are the prime factors of 213371857?
213371857
What are the prime factors of 10145870?
2, 5, 7, 144941
List the prime factors of 4373016.
2, 3, 182209
What are the prime factors of 5982777643?
8243, 725801
List the prime factors of 820050905.
5, 31, 5290651
List the prime factors of 12728982.
2, 3, 7, 23, 13177
What are the prime factors of 734707823?
41, 691, 25933
List the prime factors of 157660737.
3, 13, 17, 37, 6427
List the prime factors of 116869353.
3, 38956451
What are the prime factors of 16089743?
3623, 4441
What are the prime factors of 919337898?
2, 3, 6661, 23003
List the prime factors of 40025333.
61, 656153
What are the prime factors of 13863787?
7, 19, 104239
List the prime factors of 1223979221.
19, 307, 209837
List the prime factors of 748955710.
2, 5, 137, 546683
List the prime factors of 228139202.
2, 79, 839, 1721
What are the prime factors of 46352342?
2, 37, 67, 9349
What are the prime factors of 68955763?
4261, 16183
List the prime factors of 2718422134.
2, 131, 10375657
What are the prime factors of 216975896?
2, 17, 19, 83969
What are the prime factors of 1027663712?
2, 32114491
List the prime factors of 811166692.
2, 7, 59, 263, 1867
What are the prime factors of 123943194?
2, 3, 19, 362407
What are the prime factors of 12779597?
17, 673, 1117
List the prime factors of 2600524776.
2, 3, 31, 311, 11239
What are the prime factors of 1644509710?
2, 5, 83, 1981337
List the prime factors of 30133696.
2, 19, 24781
List the prime factors of 301914294.
2, 3, 11, 19, 71, 3391
What are the prime factors of 688371571?
688371571
List the prime factors of 496785968.
2, 7, 17, 113, 2309
What are the prime factors of 1163409151?
521, 2233031
What are the prime factors of 2354541?
3, 7, 112121
What are the prime factors of 705352053?
3, 7, 37, 79, 11491
What are the prime factors of 334509560?
2, 5, 7, 11, 67, 1621
List the prime factors of 31014828.
2, 3, 13, 66271
What are the prime factors of 1493913032?
2, 186739129
What are the prime factors of 249671001?
3, 19, 4380193
What are the prime factors of 28276497?
3, 3141833
What are the prime factors of 129544197?
3, 131, 329629
List the prime factors of 1014797808.
2, 3, 783023
List the prime factors of 435143027.
11, 149, 265493
What are the prime factors of 61615594?
2, 19, 1009, 1607
List the prime factors of 560869529.
11, 67, 311, 2447
What are the prime factors of 284587396?
2, 19, 41, 91331
What are the prime factors of 690873279?
3, 557, 643
What are the prime factors of 19588943?
11, 19, 4933
List the prime factors of 570123837.
3, 67, 945479
What are the prime factors of 791845160?
2, 5, 4013, 4933
List the prime factors of 4324215.
3, 5, 7, 41183
List the prime factors of 56614529.
56614529
List the prime factors of 117093207.
3, 7, 11, 23, 22039
What are the prime factors of 72099119?
72099119
What are the prime factors of 9287093641?
7, 491, 2702093
List the prime factors of 79253641.
919, 86239
List the prime factors of 14612937.
3, 4870979
What are the prime factors of 4441944004?
2, 73, 15212137
What are the prime factors of 380270524?
2, 163, 583237
List the prime factors of 4508711.
4508711
What are the prime factors of 528383209?
23, 22973183
List the prime factors of 237932860.
2, 5, 11, 1081513
List the prime factors of 151087436.
2, 59, 137, 4673
What are the prime factors of 610957517?
31, 61, 323087
What are the prime factors of 71595198?
2, 3, 107, 12391
List the prime factors of 90365910.
2, 3, 5, 701, 4297
List the prime factors of 1546937354.
2, 227, 3407351
List the prime factors of 2277716267.
97, 23481611
What are the prime factors of 4264929?
3, 631, 751
What are the prime factors of